 -19 + 13. What are the prime factors of (-100)/c*6/4?
5
Let x(f) = f**2 - 4*f + 1. Let s be x(5). Suppose l = s*l - 180. What are the prime factors of l?
2, 3
Let u be (-4)/(-2)*9 + -2. Suppose -5*j = -4*x - 21, -x + 2*j = 5*j - u. List the prime factors of x*3 - (4 + -3).
2
Let r(m) = m**3 + 5*m**2 - 18*m - 17. List the prime factors of r(-7).
11
Let y(r) = -r**3 + r**2 + 4. Let w be y(0). Let k = w + 1. List the prime factors of k.
5
Suppose 4*l = 20, 0 = h + 2*l + 3*l - 122. What are the prime factors of h?
97
List the prime factors of 9/(-18)*(-86 - 0).
43
Suppose -5*x - 11 + 566 = 0. What are the prime factors of x?
3, 37
Let j be 2/(-5) - (-74)/10. Let l(x) = x**3 + j*x + 6 - 4*x**2 - 2 - 3*x**2. List the prime factors of l(6).
2, 5
Suppose -4*o = 4*d - 1060, 3*d - 6*o - 774 = -2*o. What are the prime factors of d?
2, 131
Let q = 41 - 24. List the prime factors of q.
17
Suppose -f - 2*f + 16 = 4*q, -4*q + 16 = -f. Let x be 0/(f/3 - -2). Suppose w - 9 = -x*w. What are the prime factors of w?
3
Suppose -5 + 29 = 3*f. Let t be 34/f + (-1)/4. Suppose t*b = 2*a - 0*b - 34, -a - b + 11 = 0. What are the prime factors of a?
13
Let t(u) = u**3 + 6*u**2 + 3*u - 7. Let c be t(-5). Let r(y) = y**2 - 3*y - 4 + y**2 + 0*y**2. What are the prime factors of r(c)?
5
Suppose -2*n - 2*n - 3*y = -25, 0 = 3*n + y - 15. Suppose n - 1 = q. What are the prime factors of (q/6)/((-1)/(-6))?
3
Suppose -s + 3*b = -36, 3*s - 75 = s + 3*b. What are the prime factors of 10/65 + 189/s?
5
Suppose 0 = 2*m - 2*y + 14, 0 = 4*m - 2*m + 2*y + 18. What are the prime factors of (1*4)/(m/(-4))?
2
Suppose 5*a - 10 = -2*z, -z - 5*a + 15 = 2*z. Let w = 3 + 25. Suppose 4*h + 2*m = 26, -4*h + m - z*m + w = 0. List the prime factors of h.
2, 3
Suppose -4*i + 44 = 4*j, 0 = -4*j + 2*i + 30 - 4. Suppose y = 5*y - j. List the prime factors of y.
2
Suppose -2*h + 4*h = -28. Let w = 7 - h. Let k = -13 + w. What are the prime factors of k?
2
Let a(w) = w + 7. Let q be a(0). Suppose 3*v - 31 + q = 0. What are the prime factors of v?
2
List the prime factors of 4/(-6) + 1045/33.
31
Suppose -h + 84 = 5*b, 3*b - 3*h = -h + 40. List the prime factors of b.
2
Let u be (2/4)/(-1)*-116. Suppose 0 = 4*y - 2 - u. What are the prime factors of y?
3, 5
Let w(i) = i**2 + 5*i - 3. Let y be w(-4). Let c = y - -12. List the prime factors of c/(15/24) - 1.
7
Suppose -2*m + m + 2 = 0. What are the prime factors of 23 + 2 - (m + 0)?
23
Suppose 3*d = 11 + 598. List the prime factors of d.
7, 29
Suppose 2*k = -2*l, 4*l + 2*k + 2 = 12. Suppose -h + 30 = -0*h + y, -3*h = l*y - 82. What are the prime factors of h?
2, 17
Suppose -3*s = -10 + 1. Suppose -38 - 1 = -s*t. List the prime factors of t.
13
Suppose 3*p + 5 = 4*o, -5*o - 4 - 4 = p. What are the prime factors of o/(-4) - (-595)/20?
2, 3, 5
List the prime factors of (-38)/(-3) - 2/(-6).
13
Let y = 5 + 0. Suppose z - 11 = y. List the prime factors of z.
2
Let v be 0*(1/1)/1. Suppose v = -r - 5 + 21. What are the prime factors of r?
2
Let g = -304 - -440. What are the prime factors of g?
2, 17
Let z be (-15)/(-6) + 2/(-4). Suppose z = -4*k + 10. What are the prime factors of k?
2
Suppose 2*k = n + 14, -3*k + 6 = 2*n - 29. List the prime factors of k.
3
Let f be 0/(-8) - (-3)/3. Suppose 5*j - 48 = -2*p, -j + 3 = -p - 1. List the prime factors of 3 - (f - (0 + j)).
2, 5
Let b be ((-8)/(-10))/(1/5). Let f(g) = -2*g**3 + 2 + 0 + 3*g**3 - 4*g**2. List the prime factors of f(b).
2
Let t(o) = 2*o**2 - 21*o - 51. List the prime factors of t(19).
2, 17
Let o(g) = g**2 + 6*g + 15. Let r be o(-6). Let v be (33/(-9))/((-2)/(-6)). Let c = r + v. What are the prime factors of c?
2
Suppose 0*v - 259 = -7*v. List the prime factors of v.
37
Let z be -4*((-39)/12 - -3). List the prime factors of z - (0 + -4*2).
3
Suppose 3*m = -5*j + 94, 0 = -4*m + 2*m + 2*j + 36. Suppose 4*d + 7 = m. Suppose 3*o - d = 2*o. What are the prime factors of o?
2
Let q(i) = -i**2 + 20*i - 42. What are the prime factors of q(12)?
2, 3
Let m = -3 + 6. Suppose m*i - 40 = -0*i + z, -2*i + 36 = -3*z. What are the prime factors of i?
2, 3
Let r = -8 + -5. Let q = r - -21. List the prime factors of q.
2
Suppose 95 = 5*l - 85. Suppose l = p - k + 5*k, -p = k - 39. List the prime factors of p.
2, 5
Suppose 190 = -7*b + 687. List the prime factors of b.
71
Let o(s) = -3*s + 6. Let z be o(-5). Suppose 2*d - z = -c, 3*d - 2*d + 4*c = 21. List the prime factors of d.
3
Let l(d) = -101*d + 4. List the prime factors of l(-1).
3, 5, 7
Suppose x = 4*x - 78. Let s = -2 + x. List the prime factors of s.
2, 3
Suppose 0 = -4*t + 116 + 20. List the prime factors of t.
2, 17
Suppose -2*i + 15 = 7. Suppose -s + i = -22. What are the prime factors of s?
2, 13
Suppose 3*i = -0*i - 15. List the prime factors of -6*1/(2/i).
3, 5
Suppose 3*n - 116 = x, 4*x + 4*n + 504 = 6*n. What are the prime factors of x/(-20) + 2/(-5)?
2, 3
Let j = 93 + -47. What are the prime factors of j?
2, 23
Let h(g) = 10*g + 5*g**2 - 2*g**2 - 9 - 4*g**2. What are the prime factors of h(6)?
3, 5
Let n be -2*-3*(-1)/6. List the prime factors of -2 + 3 - n - -2.
2
What are the prime factors of (0 + (-1)/(-3))/(93/33759)?
11
Suppose -2*u + 0*u - 2 = 0. List the prime factors of 14 + 0 - (0 - u).
13
Let v(w) = -2*w + 27. What are the prime factors of v(-17)?
61
Let p be (-6)/((-2)/(-2 + 4)). Let o be 4/p*9/2. Let g = 1 + o. List the prime factors of g.
2
Let q(y) = -7*y + 0*y**2 - 7 - 6 + 2*y**2 - y**2. List the prime factors of q(9).
5
Let i = -6 + 10. List the prime factors of i.
2
Suppose j + 2*j = -33. Let d = -6 - j. Let y = 0 + d. What are the prime factors of y?
5
Let b be (4 - (-4 - -12)) + 6. Let s(x) be the first derivative of x**3/3 + x**2/2 - x + 1. What are the prime factors of s(b)?
5
Suppose 0 = -5*u - 0*u + 300. Suppose b = 6*b - u. What are the prime factors of b?
2, 3
Suppose -4*q + 30 = 10, -4*m - q = -25. Let o(f) = -f + 1. Let x(s) = s**2 - 4*s + 7. Let i(v) = m*o(v) + x(v). List the prime factors of i(8).
2
Let q = 63 + 10. What are the prime factors of q?
73
Let x(k) = k**2 + 12*k - 9. Let n be x(-13). Suppose 0*a = n*a - 96. What are the prime factors of a?
2, 3
Let d = 97 - -33. Suppose 2*l + 115 = 5*q - 0*l, 5*q = -l + d. What are the prime factors of q?
5
Let d(t) = 42*t**2 - 11*t - 13. List the prime factors of d(-3).
2, 199
Let n = -82 + 160. List the prime factors of n.
2, 3, 13
Suppose -1152 = -4*m - 5*m. What are the prime factors of m?
2
Let s(v) = v**3 + 6*v**2 - v + 3. Let q = -24 + 48. Suppose -3*z = z + q. What are the prime factors of s(z)?
3
Let a = 15 + -13. List the prime factors of (a/(-6))/(4/(-120)).
2, 5
List the prime factors of ((-194)/(-2))/1 + 1 + -4.
2, 47
Suppose -7*t + 3 = -6*t. List the prime factors of t.
3
Suppose -5*w = d + 46, -d - 2*d - 138 = -w. Let j be (-4)/(-6) + d/6. Let r(h) = h**2 + 8*h + 9. List the prime factors of r(j).
2
Let l(o) = -3*o + 11. List the prime factors of l(-13).
2, 5
What are the prime factors of 2 - 3 - 3/((-3)/4)?
3
Let k(j) = 7*j**2 + 8*j + 5. What are the prime factors of k(6)?
5, 61
Let u be 0/(-2 + 3 - 2). Suppose u = -n - 3*v + 20, n + v - 20 = -0*n. List the prime factors of n.
2, 5
Suppose 2*j + 2 + 5 = p, -5*j = -2*p + 17. Let a = 1 - p. Suppose 5*c + a*c = 55. List the prime factors of c.
11
Let a = -3 - -3. Suppose 0*c - c - 11 = a. Let l = -4 - c. What are the prime factors of l?
7
Let g(c) = c - 3. Let a be (3*-1)/(-3) + 2. Let s be g(a). Suppose 6*f - 3*f - 33 = s. What are the prime factors of f?
11
Let w = -119 - -140. What are the prime factors of w?
3, 7
List the prime factors of (-4)/6 - (-203)/3.
67
Let j(c) = 3*c**2 + c + 1. Let n be j(-1). What are the prime factors of n - (-1)/4*-4?
2
Suppose 0 = -5*f + 10, -2*d + 88 - 574 = 5*f. Suppose 0 = 2*z + 1 - 5. List the prime factors of z/9 + d/(-18).
2, 7
Let u = 103 - 38. What are the prime factors of u?
5, 13
Suppose -u + 12 - 4 = 0. Suppose -19 - u = -3*f. What are the prime factors of f?
3
Let n(o) = 2*o**2 - 8*o - 6. List the prime factors of n(8).
2, 29
Let o(g) = g**3 + 3*g**2 + 2*g + 3. Let f be o(-2). Let t be (3/(-2))/(f/(-20)). Let q = -6 + t. List the prime factors of q.
2
Suppose -k + 56 + 63 = 4*n, -2*k = -n + 23. List the prime factors of n.
29
Let s = 19 + -20. Let y(j) = 5*j - 5. Let f